{"id":209,"date":"2021-01-09T20:29:13","date_gmt":"2021-01-10T00:29:13","guid":{"rendered":"http:\/\/unizion.coop.br\/?page_id=209"},"modified":"2021-01-31T16:28:40","modified_gmt":"2021-01-31T20:28:40","slug":"alimentos-2","status":"publish","type":"page","link":"https:\/\/unizion.coop.br\/?page_id=209","title":{"rendered":"Alimentos"},"content":{"rendered":"\n<ul><li>RDC n\u00b0 216\/2004 (Servi\u00e7o de Alimenta\u00e7\u00e3o \u2013 ANVISA)<\/li><li>RDC n\u00b0 275\/ 2002 \u2013 ANVISA \u2013\u00a0 GMP \/BPF Boas Praticas de Fabrica\u00e7\u00e3o<\/li><li>RDC n\u00b0 24\/2015 \u2013 ANVISA ( Recall e Rastreabilidade)<\/li><li>Programa de Apoio a Competitividade do Leite<\/li><li>Programas de Auto Controle ( Carnes e Derivados , Leite e Derivados)<\/li><li>Programas de Auto Controle (Ovos , Mel e Produtos Ap\u00edcolas )<\/li><li>Instru\u00e7\u00e3o Normativa \u2013 MAPA \u2013 Alimenta\u00e7\u00e3o Animal\u00a0<\/li><li>\u00c1guas Envasadas e Gelo<\/li><li>Instru\u00e7\u00e3o Normativa \u2013 MAPA \u2013 Res\u00edduos\u00a0 Animais<\/li><li>HACCP\/APPCC \u2013 Analise de Perigos e Pontos Cr\u00edticos de Controle<\/li><li>Orienta\u00e7\u00e3o para Habilita\u00e7\u00e3o para o Mercado Externo\u00a0<\/li><li>ISO 22.000 : 2018 (Sistema de Gest\u00e3o de Seguran\u00e7a em Alimentos)<\/li><li>BRC Food Safety (Seguran\u00e7a em Alimentos)<\/li><li>FSSC 22000 (Seguran\u00e7a em Alimentos)<\/li><li>Food Defense e Fraude em Alimentos<\/li><li>Per\u00edcias T\u00e9cnicas<\/li><li>Projetos para Produ\u00e7\u00e3o de Alimentos e Bebidas<\/li><li>Lean Manufacturing ( Manufatura Enxuta)<\/li><li>Desenvolvimento de R\u00f3tulos\u00a0 e Informa\u00e7\u00e3o Nutricional<\/li><li>Auditorias de Conformidade\u00a0 de SGSA<\/li><li>Avalia\u00e7\u00e3o de Fornecedores e Distribuidores<\/li><li>Registro de Estabelecimentos (SIF\/SISE\/VISA) e Produtos<\/li><li>Pesquisa, desenvolvimento e inova\u00e7\u00e3o de produtos e processo<\/li><li>Design Higi\u00eanico Sanit\u00e1rio de Equipamentos<\/li><\/ul>\n","protected":false},"excerpt":{"rendered":"<p> <a class=\"more-link\" href=\"https:\/\/unizion.coop.br\/?page_id=209\">Leia mais&#8230; &raquo;<\/a><\/p>\n","protected":false},"author":1,"featured_media":246,"parent":0,"menu_order":0,"comment_status":"closed","ping_status":"closed","template":"","meta":[],"_links":{"self":[{"href":"https:\/\/unizion.coop.br\/index.php?rest_route=\/wp\/v2\/pages\/209"}],"collection":[{"href":"https:\/\/unizion.coop.br\/index.php?rest_route=\/wp\/v2\/pages"}],"about":[{"href":"https:\/\/unizion.coop.br\/index.php?rest_route=\/wp\/v2\/types\/page"}],"author":[{"embeddable":true,"href":"https:\/\/unizion.coop.br\/index.php?rest_route=\/wp\/v2\/users\/1"}],"replies":[{"embeddable":true,"href":"https:\/\/unizion.coop.br\/index.php?rest_route=%2Fwp%2Fv2%2Fcomments&post=209"}],"version-history":[{"count":4,"href":"https:\/\/unizion.coop.br\/index.php?rest_route=\/wp\/v2\/pages\/209\/revisions"}],"predecessor-version":[{"id":329,"href":"https:\/\/unizion.coop.br\/index.php?rest_route=\/wp\/v2\/pages\/209\/revisions\/329"}],"wp:featuredmedia":[{"embeddable":true,"href":"https:\/\/unizion.coop.br\/index.php?rest_route=\/wp\/v2\/media\/246"}],"wp:attachment":[{"href":"https:\/\/unizion.coop.br\/index.php?rest_route=%2Fwp%2Fv2%2Fmedia&parent=209"}],"curies":[{"name":"wp","href":"https:\/\/api.w.org\/{rel}","templated":true}]}}