{"id":55,"date":"2021-01-02T19:02:14","date_gmt":"2021-01-02T23:02:14","guid":{"rendered":"http:\/\/unizion.dominiotemporario.com\/?page_id=55"},"modified":"2021-01-31T16:37:52","modified_gmt":"2021-01-31T20:37:52","slug":"gestao","status":"publish","type":"page","link":"https:\/\/unizion.coop.br\/?page_id=55","title":{"rendered":"Gest\u00e3o"},"content":{"rendered":"\n<ul><li>Projetos de inova\u00e7\u00e3o<\/li><li>Auditoria e implementa\u00e7\u00e3o da Norma ISO 17025:2017<\/li><li>Implementa\u00e7\u00e3o das normas ISO 9001 e ISO 14000<\/li><li>Sistema de Gest\u00e3o da Qualidade Projetos de inova\u00e7\u00e3o<\/li><li>Lean Office<\/li><li>Lean Manufacturing<\/li><li>Gest\u00e3o e controle de processos e produtos<\/li><li>Pesquisa e Desenvolvimento de produtos e processos<\/li><li>Gest\u00e3ode Pessoas<\/li><li>Gest\u00e3o Financeira<\/li><li>Gest\u00e3o de Processos<\/li><li>Per\u00edcias T\u00e9cnicas<\/li><\/ul>\n","protected":false},"excerpt":{"rendered":"<p> <a class=\"more-link\" href=\"https:\/\/unizion.coop.br\/?page_id=55\">Leia mais&#8230; &raquo;<\/a><\/p>\n","protected":false},"author":1,"featured_media":267,"parent":0,"menu_order":0,"comment_status":"closed","ping_status":"closed","template":"","meta":[],"_links":{"self":[{"href":"https:\/\/unizion.coop.br\/index.php?rest_route=\/wp\/v2\/pages\/55"}],"collection":[{"href":"https:\/\/unizion.coop.br\/index.php?rest_route=\/wp\/v2\/pages"}],"about":[{"href":"https:\/\/unizion.coop.br\/index.php?rest_route=\/wp\/v2\/types\/page"}],"author":[{"embeddable":true,"href":"https:\/\/unizion.coop.br\/index.php?rest_route=\/wp\/v2\/users\/1"}],"replies":[{"embeddable":true,"href":"https:\/\/unizion.coop.br\/index.php?rest_route=%2Fwp%2Fv2%2Fcomments&post=55"}],"version-history":[{"count":4,"href":"https:\/\/unizion.coop.br\/index.php?rest_route=\/wp\/v2\/pages\/55\/revisions"}],"predecessor-version":[{"id":331,"href":"https:\/\/unizion.coop.br\/index.php?rest_route=\/wp\/v2\/pages\/55\/revisions\/331"}],"wp:featuredmedia":[{"embeddable":true,"href":"https:\/\/unizion.coop.br\/index.php?rest_route=\/wp\/v2\/media\/267"}],"wp:attachment":[{"href":"https:\/\/unizion.coop.br\/index.php?rest_route=%2Fwp%2Fv2%2Fmedia&parent=55"}],"curies":[{"name":"wp","href":"https:\/\/api.w.org\/{rel}","templated":true}]}}