{"id":81,"date":"2021-01-02T19:58:14","date_gmt":"2021-01-02T23:58:14","guid":{"rendered":"http:\/\/unizion.dominiotemporario.com\/?page_id=81"},"modified":"2021-02-01T16:14:43","modified_gmt":"2021-02-01T20:14:43","slug":"contato","status":"publish","type":"page","link":"https:\/\/unizion.coop.br\/?page_id=81","title":{"rendered":"Contato"},"content":{"rendered":"\n<p>Contate diretamente os respons\u00e1veis de cada AR\u00c9A TECNOL\u00d3GICA atrav\u00e9s dos emails abaixo:<\/p>\n\n\n\n<p>ALIMENTOS:   <a rel=\"noreferrer noopener\" href=\"mailto:alimentos@unizion.coop.br\" target=\"_blank\">alimentos@unizion.coop.br<\/a><\/p>\n\n\n\n<p>MEIO AMBIENTE:    <a href=\"mailto:meioambiente@unizion.coop.br\" target=\"_blank\" rel=\"noreferrer noopener\">meioambiente@unizion.coop.br<\/a><\/p>\n\n\n\n<p>GEST\u00c3O:     <a href=\"mailto:gestao@unizion.coop.br\" target=\"_blank\" rel=\"noreferrer noopener\">gestao@unizion.coop.br<\/a><\/p>\n\n\n\n<p>ENGENHARIA E AUTOMA\u00c7\u00c3O:   <a href=\"mailto:engenhariaeautomacao@unizion.coop.br\" target=\"_blank\" rel=\"noreferrer noopener\">engenhariaeautomacao@unizion.coop.br<\/a><\/p>\n\n\n\n<p>EDUCACAO E SA\u00daDE:    <a rel=\"noreferrer noopener\" href=\"mailto:educacaoesaude@unizion.coop.br\" target=\"_blank\">educacaoesaude@unizion.coop.br<\/a><\/p>\n\n\n\n<p><\/p>\n\n\n\n<h2>Clique na Logo para acessar as nossas Redes Sociais<\/h2>\n\n\n\n<div class=\"wp-block-group\"><div class=\"wp-block-group__inner-container\">\n<div class=\"wp-block-columns\">\n<div class=\"wp-block-column\" style=\"flex-basis:100%\">\n<section id=\"topo\">\n<figure <a href=\"https:\/\/api.whatsapp.com\/send??lang=pt_br&amp;phone=5565996321324\" target=\"_blank\" rel=\"noopener\"><img loading=\"lazy\" src=\"https:\/\/unizion.coop.br\/wp-content\/uploads\/2021\/01\/whatsapp-1024x1024.png\" width=\"81\" height=\"81\"\/><\/a> <\/figure>\n<figure <a href=\"https:\/\/www.facebook.com\/unizion.cuiaba.1\" target=\"_blank\" rel=\"noopener\"><img loading=\"lazy\" src=\"https:\/\/unizion.coop.br\/wp-content\/uploads\/2021\/01\/facebook-1024x1024.png\"   width=\"81\" height=\"81\"\/> <\/a> <\/figure>\n<figure <a href=\"https:\/\/instagram.com\/unizion.coop.br?igshid=1txz3gtyeqa\" target=\"_blank\" rel=\"noopener\"><img loading=\"lazy\" src=\"https:\/\/unizion.coop.br\/wp-content\/uploads\/2021\/01\/instagram.png\" width=\"81\" height=\"81\"\/><\/a> <\/figure>\n <\/section>\n\n\n\n<p><\/p>\n<\/div>\n<\/div>\n\n\n\n<p><\/p>\n<\/div><\/div>\n\n\n\n<p><\/p>\n","protected":false},"excerpt":{"rendered":"<p> <a class=\"more-link\" href=\"https:\/\/unizion.coop.br\/?page_id=81\">Leia mais&#8230; &raquo;<\/a><\/p>\n","protected":false},"author":1,"featured_media":0,"parent":0,"menu_order":0,"comment_status":"closed","ping_status":"closed","template":"","meta":[],"_links":{"self":[{"href":"https:\/\/unizion.coop.br\/index.php?rest_route=\/wp\/v2\/pages\/81"}],"collection":[{"href":"https:\/\/unizion.coop.br\/index.php?rest_route=\/wp\/v2\/pages"}],"about":[{"href":"https:\/\/unizion.coop.br\/index.php?rest_route=\/wp\/v2\/types\/page"}],"author":[{"embeddable":true,"href":"https:\/\/unizion.coop.br\/index.php?rest_route=\/wp\/v2\/users\/1"}],"replies":[{"embeddable":true,"href":"https:\/\/unizion.coop.br\/index.php?rest_route=%2Fwp%2Fv2%2Fcomments&post=81"}],"version-history":[{"count":66,"href":"https:\/\/unizion.coop.br\/index.php?rest_route=\/wp\/v2\/pages\/81\/revisions"}],"predecessor-version":[{"id":488,"href":"https:\/\/unizion.coop.br\/index.php?rest_route=\/wp\/v2\/pages\/81\/revisions\/488"}],"wp:attachment":[{"href":"https:\/\/unizion.coop.br\/index.php?rest_route=%2Fwp%2Fv2%2Fmedia&parent=81"}],"curies":[{"name":"wp","href":"https:\/\/api.w.org\/{rel}","templated":true}]}}